3)) prime?
False
Suppose 2*n - 115963 = -k + 20412, 3*k + 2*n - 409145 = 0. Is k prime?
False
Suppose 11*j + 322630 = 16*j. Suppose 0 = 31*u - 17*u - j. Is u a composite number?
True
Suppose 5*h - 1705 = 10*h. Let j = 1016 - h. Is j prime?
False
Suppose -2*f - 3*z = -3517, -2*f - 2*z = -4*z - 3512. Suppose -8*x - f = -15*x. Is x composite?
False
Suppose 16*d - 150620 = -4*t, -3*t = 2*d + 24484 - 137379. Is t prime?
False
Let u be (-6)/(-48) + 55/8. Suppose -3*a - 2*r = -u*r + 8, 2*r = 8. Suppose 4*n - 5*m - 9901 = 6285, a*m = n - 4041. Is n composite?
False
Let j(r) = r**3 - 4*r**2 + r + 9. Let f be j(3). Suppose f*m = 57 + 444. Suppose 5*k - m = 4*k. Is k prime?
True
Suppose 2*r = -4*t - 1451 - 447, -4*t + 1882 = -2*r. Let y = -228 - r. Is y composite?
True
Let a(o) = 2*o + 18. Let x be a(-10). Let q = -2 + x. Let s = 29 - q. Is s a prime number?
False
Suppose 5*p = 5, 5*c - 15 = -p - 4. Suppose 8081 + 32517 = 53*i. Suppose c*z - i = 22. Is z prime?
False
Let r be (20 + -18)*10/4. Suppose -2774 - 350 = -4*d - r*t, -2*t - 3124 = -4*d. Is d a composite number?
True
Let y = -129 + 124. Is 1/((30/(-7206))/y) a composite number?
False
Let z = -183 - -191. Is -1 - -5916 - (-36)/(z - -1) a prime number?
False
Suppose -6*n = 4*n + 70. Let d be (-48)/42*n/2. Suppose 0*w - d*w = 12, 4*w + 1450 = 2*y. Is y a prime number?
True
Let h be 51146/4 - -8*(-2)/32. Suppose h = 3*u - 10665. Is u composite?
False
Let c be (-4)/10 - (-2722260)/(-100). Let x = 40176 + c. Is x prime?
True
Suppose 0 = -4*f + 4, -r - r = 5*f - 59. Let a = r - 22. Suppose a*h + 3868 = 3*n, -3*h = n - 558 - 736. Is n a prime number?
True
Let u(i) = -156*i**3 + 18*i**2 - 39*i - 505. Is u(-12) composite?
True
Let h(m) = 96*m**2 - m + 3. Suppose -2*l = 2*l - 20. Suppose l*f + 1 = -9. Is h(f) composite?
False
Suppose -147*k + 417588 = -149*k. Is k/(-126) + (-10)/105 composite?
False
Let w = 182396 - 40951. Is w a prime number?
False
Let j(c) = -2*c**3 - 6*c**2 + 2*c - 1. Let y be j(5). Let t = 108 - y. Is t a composite number?
False
Suppose -49*v = -91*v + 2330286. Is v a composite number?
True
Let w(b) = -16049*b + 3084. Is w(-13) prime?
False
Let w be 2*(2/(-4))/(-1). Let d be 7 + -7 - w*3. Is 2044/6 - 1/d a composite number?
True
Let h(y) = -2034*y - 55. Let l(m) = -6105*m - 166. Let k(b) = -17*h(b) + 6*l(b). Is k(-7) a composite number?
False
Suppose 0 = -d - 34*a + 30*a + 730029, 0 = d - 3*a - 730001. Is d composite?
True
Suppose -4*l + 0*l = -3*q - 47, -2*l = -2*q - 26. Suppose l*d + 3*d = 44. Is (d/10 - (-1298)/30)*3 prime?
True
Is (-9 - (-12)/2)/(-1)*71405/15 composite?
False
Suppose 2*r = 15*j - 18*j + 56233, 5*j + 4*r = 93723. Is j a prime number?
True
Let d(m) = -428*m**3 + 540*m + 3205. Is d(-6) a composite number?
False
Suppose 5*h + 5*q = 2368 + 3532, -5920 = -5*h - q. Suppose -2*f + 10 = 0, -2*y + y + 2*f = -h. Let m = 1766 - y. Is m a prime number?
True
Let d(p) = -580*p - 1931. Is d(-18) prime?
False
Let m(b) be the second derivative of -b**4/12 - 2*b**3/3 + 163*b**2/2 + b - 21. Suppose 5*a + 0*t - 4 = -4*t, 0 = t - 1. Is m(a) prime?
True
Let n(q) = 16*q**2 - 28*q - 27. Is n(65) composite?
True
Suppose 0 = 3*h - 207 - 270. Let g = 345 - h. Is (3 + g - -3) + 2 a prime number?
False
Let x(j) = -j - 19. Let f be x(-13). Let u be (f/(-15))/((21/(-18045))/(-7)). Suppose o - 4*o + 15 = 0, 0 = 2*b - 4*o - u. Is b a composite number?
False
Is -3 + (-803730)/(-9) - 4/3 composite?
True
Let u(f) = -9*f**3 - 7*f**2 + 8*f - 5. Suppose -3*l = 5*s + 27, 3*s + l - 19 = 6*s. Is u(s) a composite number?
True
Let x(w) = 6*w**2 + 2*w + 1. Let m be x(2). Suppose 0 = m*y - 43*y + 213262. Is y a composite number?
False
Let l be (-75)/(-27) + (-4)/(-18). Suppose 0 = 10*b - l*b - 14511. Let q = -1244 + b. Is q a composite number?
False
Suppose 13*r + 136583 = -134636. Let b = -9750 - r. Is b prime?
True
Let q = -68794 + 118995. Is q a prime number?
False
Suppose 0 = -16*i + 304838 + 252330. Is i composite?
True
Let m be (4 + -3)/(1/16). Let d(h) = -13*h - 43*h - 1 + m. Is d(-11) prime?
True
Let s(j) = 623*j**3 + 128*j**2 - 388*j - 14. Is s(3) composite?
True
Suppose -2*b = -3*a + 616929, -2*a + 6*b + 411286 = 9*b. Suppose -a = -4*l - 19*l. Is l prime?
True
Suppose 112*l - 20 = 108*l. Suppose 0 = u + 4*s - 5453, -l*u - 11*s + 7*s = -27329. Is u prime?
False
Let q be (-12)/9*15/(-10). Let y = q - -8. Suppose -y*a + 9550 + 3040 = 0. Is a composite?
False
Suppose 78*r - 74*r - 5*h = 265142, -5*r + 2*h = -331453. Is r prime?
True
Let m(n) = 1745*n**2 - 583*n + 113. Is m(-25) composite?
True
Let d = 908 - -3983. Is d a prime number?
False
Suppose 5*n + 129 - 498 = k, 359 = -k - 5*n. Let f = k - -2690. Is f a prime number?
False
Let f be (-9)/(-45) - 4702/10. Let w(z) = -891*z**3 + 2*z**2 + 2*z + 1. Let k be w(-1). Let v = f + k. Is v a prime number?
False
Let d(z) = -z**3 - 9*z**2 - 16*z - 17. Let i be d(-7). Is 1*i*(8848/(-12) - 3) composite?
False
Let z = -31785 - -49778. Is z a prime number?
False
Let g be ((-15)/(-12))/(17/68). Suppose g*m - 7*m = -4*b + 31770, 0 = 4*b - 4*m - 31776. Is b composite?
True
Let v(q) = 82*q + 2. Let h(c) = 82*c + 1. Let z(d) = 5*h(d) - 4*v(d). Let l(s) = 9*s + 145. Let y be l(-16). Is z(y) prime?
True
Let r(l) = -l**3 - 14*l**2 - 44*l - 14. Let z be r(-10). Suppose -13749 = -z*p + 23*p. Is p a prime number?
True
Let b(i) = 1232*i + 41. Let o be (75 - 36)*(-1)/(-3). Is b(o) a prime number?
True
Let v(d) = -8*d**3 - 7*d**2 + 6*d - 10. Let i be v(5). Let f = i - -9514. Is f a composite number?
True
Suppose -45305 = -2*d - 2*x + 1723, -3*x + 47033 = 2*d. Is d a composite number?
False
Is 3/9*246509*(-1)/3*-27 prime?
False
Let k(r) = r**3 + 9*r**2 - 38*r - 19. Let f be k(-12). Suppose f*l - 4999 = 196. Is l a composite number?
False
Suppose -2*g = 3*l - 622103, 4*g = -4*l - 2*g + 829474. Is l a prime number?
True
Suppose 4*n - 364328 = -3*j, -2*j - 273229 = 17*n - 20*n. Is n prime?
True
Suppose 2 = -4*a + b + b, 0 = 5*b - 5. Suppose a = -24*k + 134013 + 52299. Is k a composite number?
True
Let q(p) = 2185*p - 62. Let s be q(7). Suppose 8*f - 3*f - 4*i = 38057, -2*f = -5*i - s. Is f prime?
False
Let h(n) = 39*n**2 - 7*n + 15. Let u(z) = -z**2 + z - 1. Let w(p) = h(p) + 6*u(p). Let b be 594/176 - (-3)/(-8). Is w(b) composite?
True
Let n = 78207 + 130910. Is n a prime number?
False
Is ((-37)/((-962)/(-11260223)))/((-2)/4) a composite number?
True
Let x be (2 + 0)*5/2 + 8718. Let w(r) = -1501*r**2 - 2*r - 2. Let k be w(-2). Let j = k + x. Is j a composite number?
True
Suppose 2*y = 6, 2*y = 14*m - 12*m - 155158. Is m a composite number?
True
Suppose 2*t - 3*d = 51, -4*t + 93 = -0*t + 3*d. Suppose -29*a + t*a + 5435 = 0. Is a composite?
False
Suppose -3*v = -5*c + 3676, 3*v - 24 + 30 = 0. Is c prime?
False
Let h be ((-82)/123)/((-4)/18). Suppose -4*g = -14*y + 19*y - 5313, -5*y = h*g - 5311. Is y a prime number?
True
Let f = -81 - -48. Let q = -120 + f. Let j = -58 - q. Is j a composite number?
True
Suppose 38*u + 41*u = 861337. Is u prime?
True
Let f(a) = a**3 - 2*a**2 + 2*a + 125321. Is f(0) a prime number?
False
Let m be 1 - (4 + 0 + -785). Suppose 3*l + 4*i = 513 + 665, 2*l - m = -i. Let s = 551 + l. Is s composite?
False
Let b = -295610 + 842911. Is b a composite number?
False
Suppose -58990 = -u - n + 110200, 0 = -3*u + n + 507566. Is u a composite number?
True
Let m(n) = -n**3 - 9*n**2 - 15*n + 1. Let i be m(-5). Let u = 30 + i. Is (4/u)/((-6)/(-873)) a composite number?
False
Is 2/(-3) - 23/(1380/(-2618980)) a prime number?
True
Suppose 10*f - 7774195 + 10063 = -2*f. Is f a prime number?
True
Suppose 0 = 4*n - 6 - 34. Let o be -18*((-225)/n)/(-9). Is (-8982)/o + (-3)/5 a prime number?
True
Suppose 4*k = -6 - 2. Let d be k + (-24)/(-14) + (-9)/(-7). Is (-29100)/(-96) - d/8 a prime number?
False
Let k be 3/(-8) + 0 + (-609)/(-24). Suppose -o = -v + 2, -2*v = -7*v + k. Suppose 4*y = -o*y + 6223. Is y a prime number?
False
Let i = 37115 - -21138. Is i a composite number?
True
Let f be ((-42)/(-7))/(-2) - 11749*-1. Suppose 18*b + f = 25*b. Is b composite?
True
Let p = 3 + 0. Let g be (p/9)/((-3)/(-36)). Suppose -g*m = -5470 - 4462. Is m a prime number?
False
Let a(m) = -m**3 + 16*m**2 - 3*m - 18. Let y be a(16). Let q = y - -439. Suppose 0 = -u, -q = -4*w + 5*u + 247. Is w